59892
In base 15, what is -400c47 - -6?
-400c41
In base 6, what is 20501113 - -1044?
20502201
In base 9, what is 30 + -2344211?
-2344171
In base 14, what is -10a1a8 - 11b?
-10a2c5
In base 11, what is 74 + 88880?
88944
In base 2, what is 11 - 1110001010100100100100000?
-1110001010100100100011101
In base 16, what is -49 - -7897?
784e
In base 6, what is 113400200 - 0?
113400200
In base 11, what is 0 + 5690394?
5690394
In base 7, what is 42365102 + 23?
42365125
In base 4, what is -12 - 22223321110?
-22223321122
In base 9, what is 565 - 111677?
-111112
In base 9, what is 48071 + 4400?
53471
In base 14, what is -17993 + -a?
-1799d
In base 7, what is -1230015 + -2244?
-1232262
In base 14, what is 2 + -25dbd?
-25dbb
In base 13, what is -18c15 - -83?
-18b62
In base 3, what is -1202210201 + -12211?
-1210000112
In base 6, what is -1532214 - 555?
-1533213
In base 3, what is 10 - 1120121212012220?
-1120121212012210
In base 7, what is -504421136 + -2?
-504421141
In base 11, what is 3 + 24836a?
248372
In base 13, what is 5 + -1a1b7746?
-1a1b7741
In base 9, what is 23088 - -701?
23800
In base 13, what is 4 - 1c97c87?
-1c97c83
In base 7, what is 56 + 43322432?
43322521
In base 16, what is -e5c2 - 6c?
-e62e
In base 6, what is -22511241140 - 0?
-22511241140
In base 5, what is -40200204 + -2101?
-40202310
In base 3, what is 1221211212 + -2220?
1221201222
In base 8, what is 32 + 637161?
637213
In base 7, what is -1 + 1303466?
1303465
In base 3, what is 111110120012010 - 11?
111110120011222
In base 13, what is 9494 + 5b?
9522
In base 4, what is -11011 - -12323320?
12312303
In base 14, what is -31 + 1cc210?
1cc1bd
In base 10, what is 1607 - -1262?
2869
In base 16, what is -554ea1 + 0?
-554ea1
In base 4, what is 3111312103 - 210?
3111311233
In base 5, what is 41414343 - 12201?
41402142
In base 9, what is -4 - -144530158?
144530154
In base 4, what is -221202212 + 1303?
-221200303
In base 10, what is -1278589 - 4?
-1278593
In base 9, what is -42773 - -5075?
-36687
In base 7, what is 240033 - -15511?
255544
In base 6, what is 21222202553 - 1?
21222202552
In base 8, what is -2 + 246025237?
246025235
In base 5, what is -2 + -22221302240?
-22221302242
In base 13, what is -6b3 - 117684?
-118067
In base 6, what is -3004241 - -15?
-3004222
In base 3, what is -1102000 + -12022000?
-20201000
In base 6, what is 313535132 + -1?
313535131
In base 9, what is 125 - -3716?
3842
In base 11, what is -189759 + 15?
-189744
In base 2, what is 101101110000011101000100 + -10?
101101110000011101000010
In base 16, what is -749 + -fdca?
-10513
In base 16, what is -caffa - 1f?
-cb019
In base 16, what is 28817a2 + 17?
28817b9
In base 9, what is -1807 + -66806?
-68714
In base 6, what is -33022441005 - -2?
-33022441003
In base 16, what is 27 - 2fcd1c?
-2fccf5
In base 11, what is a8 + 214a80?
215078
In base 5, what is 10 - 21304002333?
-21304002323
In base 2, what is -1000011100 - -111011010000001?
111010001100101
In base 6, what is 1011 + -240024?
-235013
In base 12, what is -43 - -226882?
22683b
In base 15, what is -13da6ec6 + 2?
-13da6ec4
In base 9, what is 17266331 + 8?
17266340
In base 6, what is 122 - 124052251?
-124052125
In base 7, what is 143 + -3465443?
-3465300
In base 9, what is -62323187 + 47?
-62323140
In base 5, what is 3 + -2103222444?
-2103222441
In base 8, what is -344461 + 401?
-344060
In base 12, what is 546 - -147aa5?
14842b
In base 4, what is -233122313 - -22211?
-233100102
In base 10, what is 172948019 + -4?
172948015
In base 15, what is 3 + 22857b4?
22857b7
In base 9, what is 18070 + -3053?
15016
In base 6, what is 1325215400 - -5?
1325215405
In base 11, what is 12634671 + -1?
12634670
In base 4, what is 0 + 101133131232?
101133131232
In base 8, what is -3151051 - 2?
-3151053
In base 6, what is -2352531551 + 0?
-2352531551
In base 13, what is 95b553 + -5?
95b54b
In base 15, what is 41255b + -3?
412558
In base 9, what is -55551768 + -5?
-55551774
In base 4, what is -2210332103 - -22?
-2210332021
In base 14, what is 13 + 71614?
71627
In base 15, what is -770a7 + b9?
-76edd
In base 4, what is 1 - 131203002300?
-131203002233
In base 5, what is -11 + 230341402320?
230341402304
In base 13, what is -50 + -27805b?
-2780ab
In base 16, what is -2163 - 33a?
-249d
In base 13, what is -3959 - -23356?
1c6ca
In base 3, what is -1001120221021221 - -1112?
-1001120221020102
In base 3, what is 2 - 1011101011012011?
-1011101011012002
In base 7, what is -130440352 - 4?
-130440356
In base 7, what is 214 + -50632451?
-50632234
In base 5, what is 302300023 - 23?
302300000
In base 12, what is 591a + 8b3?
6611
In base 14, what is -17 + 2008d9?
2008c2
In base 8, what is 170150 + 544?
170714
In base 6, what is -4234 + 343413?
335135
In base 9, what is 5 + -428223228?
-428223223
In base 15, what is c1 + -1e3b?
-1d6a
In base 10, what is -1232 - 7427?
-8659
In base 12, what is -7819858 + -4?
-7819860
In base 3, what is 101101 + -2220100011?
-2212221210
In base 2, what is 10000100011010111000 + -10001110?
10000100011000101010
In base 6, what is -530415 - 13320?
-544135
In base 2, what is 101111001100000111101001001001 - 0?
101111001100000111101001001001
In base 10, what is -19 + -78652?
-78671
In base 3, what is 12202120101121022 - -200?
12202120101121222
In base 16, what is -8d + -1dac?
-1e39
In base 11, what is 9 - 17861?
-17853
In base 16, what is 11445e3 + -3?
11445e0
In base 16, what is -6 + 2e13cc6?
2e13cc0
In base 5, what is 2201344 + -23401?
2122443
In base 15, what is -25d14 - 58?
-25d6c
In base 8, what is 4 - 10775533?
-10775527
In base 2, what is -101101010100010010100 - 1111101?
-101101010100100010001
In base 9, what is 6553 + 3088?
10652
In base 15, what is -4 - -1d26140?
1d2613b
In base 4, what is -11130332113 + 2?
-11130332111
In base 14, what is 268959 + -5?
268954
In base 6, what is -344245220 - -303?
-344244513
In base 10, what is 2 + -11504929?
-11504927
In base 13, what is -2 - 44435a?
-44435c
In base 2, what is 101000010010 + -11111010111000?
-11010010100110
In base 11, what is -29319807 + 1?
-29319806
In base 16, what is 10b5db1 - 3?
10b5dae
In base 8, what is -1445427640 - 5?
-1445427645
In base 3, what is 122001002100120 - 0?
122001002100120
In base 16, what is -9 + 5427c11?
5427c08
In base 4, what is -3203012120 + 21?
-3203012033
In base 5, what is -24011 + -1142123?
-1221134
In base 12, what is 1102 - 102b3?
-b1b1
In base 3, what is 222021011100 + 101001?
222021112101
In base 2, what is 100010111100010 + 1111001110?
100100110110000
In base 13, what is 27a1993 - -6a?
27a1a30
In base 12, what is 1268a8b + -6?
1268a85
In base 6, what is -2 - 1221305505?
-1221305511
In base 15, what is -1 - ee3a6b?
-ee3a6c
In base 9, what is -8 + 64076883?
64076874
In base 4, what is -33201312033 + 110?
-33201311323
In base 12, what is -106 - 4bb33?
-50039
In base 16, what is -4178ad5 - 1?
-4178ad6
In base 10, what is -53 + 6114710?
6114657
In base 10, what is -2 - -10247749?
10247747
In base 7, what is -113662401 + -103?
-113662504
In base 7, what is 2252363340 + 1?
2252363341
In base 9, what is -55251554 - -1?
-55251553
In base 15, what is -47 - 91d07?
-91d4e
In base 10, what is 5601033 - -3?
5601036
In base 10, what is -5 + 165920152?
165920147
In base 5, what is -1031343342 - -1?
-1031343341
In base 7, what is -511335 - -65?
-511240
In base 9, what is -34204068 + -4?
-34204073
In base 8, what is -11075 - -1656?
-7217
In base 6, what is 15 + -13500025?
-13500010
In base 5, what is 24 + 10204311122?
10204311201
In base 5, what is 100041303 - -241?
100042044
In base 4, what is 21231010 - 1013033?
20211311
In base 9, what is -141643 + -361?
-142114
In base 15, what is 6863 + 628?
6e8b
In base 15, what is 41 - -3116?
3157
In base 8, what is 1635042 + -2066?
1632754
In base 7, what is -20 + -112016143?
-112016163
In base 9, what is -215 + -58566?
-58782
In base 7, what is 6214024 + -61?
6213633
In base 11, what is -3a3 - -99a2?
95aa
In base 5, what is -311211233 + -413?
-311212201
In base 10, what is 1965 + -27445?
-25480
In base 7, what is -2 + -1635042?
-1635044
In base 3, what is -2 - -220121122102000?
220121122101221
In base 9, what is -21 + -133375?
-133406
In base 9, what is -3608777 + -4?
-3608782
In base 11, what is 697a8 - a?
69799
In base 13, what is 14c963 - -14?
14c977
In base 9, what i